{"id":237463,"date":"2023-11-06T08:06:16","date_gmt":"2023-11-06T08:06:16","guid":{"rendered":"https:\/\/linkcee.com\/politique-de-securite\/"},"modified":"2025-09-02T11:34:18","modified_gmt":"2025-09-02T11:34:18","slug":"politique-de-securite","status":"publish","type":"page","link":"https:\/\/linkcee.com\/fr\/politique-de-securite\/","title":{"rendered":"Politique de s\u00e9curit\u00e9"},"content":{"rendered":"\n<p><strong>POLITIQUE DE S\u00c9CURIT\u00c9 DE L&rsquo;INFORMATION<\/strong><\/p>\n\n<p>LINKCEE GmbH, <em>Ses activit\u00e9s comprennent le commerce national de gros et de d\u00e9tail, l&rsquo;importation et l&rsquo;exportation, ainsi que l&rsquo;entreposage, le contr\u00f4le technique, le stockage, la location avec et sans chauffeur, la r\u00e9paration, le lavage et le graissage de v\u00e9hicules et de leurs accessoires, de machines agricoles et d&rsquo;autres v\u00e9hicules terrestres, fluviaux, maritimes et a\u00e9riens, ainsi que toutes les activit\u00e9s qui y sont directement ou indirectement li\u00e9es. Elle dispose d&rsquo;une politique de s\u00e9curit\u00e9 de l&rsquo;information qui est pr\u00e9cis\u00e9e dans les points suivants :<\/em><\/p>\n\n<ul class=\"wp-block-list\">\n<li><em>le respect des exigences l\u00e9gales et techniques applicables, ainsi que de toute autre exigence \u00e0 laquelle<\/em> LINKCEE GmbH <em>souscrit en ce qui concerne les aspects de s\u00e9curit\u00e9 des informations qu&rsquo;elle g\u00e9n\u00e8re dans le cadre de son activit\u00e9 professionnelle.<\/em><\/li>\n\n\n\n<li><em>Orienter les activit\u00e9s et les d\u00e9cisions de l&rsquo;entreprise pour r\u00e9pondre aux besoins et aux attentes des clients.<\/em><\/li>\n\n\n\n<li><em>Assurer la s\u00e9curit\u00e9 de l&rsquo;information de toutes les activit\u00e9s afin de garantir les services fournis aux clients.<\/em><\/li>\n\n\n\n<li><em>Renforcer l&rsquo;autonomie et l&rsquo;initiative du personnel afin qu&rsquo;il contribue plus efficacement \u00e0 la r\u00e9alisation des objectifs de<\/em> LINKCEE GmbH<em>.<\/em><\/li>\n\n\n\n<li><em>Maintenir un esprit d&rsquo;am\u00e9lioration continue de l&rsquo;efficacit\u00e9 dans toutes les activit\u00e9s li\u00e9es au syst\u00e8me de gestion et \u00e0 ses performances.<\/em><\/li>\n\n\n\n<li><em>La direction et le personnel de<\/em> LINKCEE GmbH <em>partagent et comprennent ce syst\u00e8me de gestion comme une m\u00e9thode de travail pour chacune de leurs activit\u00e9s.<\/em><\/li>\n<\/ul>\n\n<p><em>Cette politique de s\u00e9curit\u00e9 de l&rsquo;information a \u00e9t\u00e9 communiqu\u00e9e \u00e0 l&rsquo;ensemble du personnel de l&rsquo;entreprise ainsi qu&rsquo;\u00e0 l&rsquo;ensemble du personnel et des organisations travaillant pour le compte de<\/em> LINKCEE GmbH. <em>Elle est comprise, mise en \u0153uvre et tenue \u00e0 jour \u00e0 tous les niveaux de l&rsquo;organisation, et son efficacit\u00e9 et sa conformit\u00e9 sont r\u00e9guli\u00e8rement contr\u00f4l\u00e9es.<\/em><\/p>\n\n<p><em>De m\u00eame, cette politique de gestion est \u00e0 la disposition de toute personne ou organisation souhaitant en prendre connaissance.<\/em><\/p>\n\n<p><em>La direction \u00e9tablit et r\u00e9vise ses objectifs de s\u00e9curit\u00e9 de l&rsquo;information pour chacun des domaines, en prenant la politique d\u00e9finie comme cadre de r\u00e9f\u00e9rence, en \u00e9tablissant les responsabilit\u00e9s pour les atteindre, en fixant les crit\u00e8res d&rsquo;action et en allouant les ressources n\u00e9cessaires, afin d&rsquo;atteindre les objectifs g\u00e9n\u00e9riques de la politique de gestion int\u00e9gr\u00e9e.<\/em><\/p>\n\n<p class=\"has-medium-font-size\">\u00c0 Madrid, le 06 mai 2022<\/p>\n","protected":false},"excerpt":{"rendered":"<p>POLITIQUE DE S\u00c9CURIT\u00c9 DE L&rsquo;INFORMATION LINKCEE GmbH, Ses activit\u00e9s comprennent le commerce national de gros et de d\u00e9tail, l&rsquo;importation et l&rsquo;exportation, ainsi que l&rsquo;entreposage, le contr\u00f4le technique, le stockage, la location avec et sans chauffeur, la r\u00e9paration, le lavage et le graissage de v\u00e9hicules et de leurs accessoires, de machines agricoles et d&rsquo;autres v\u00e9hicules terrestres, [&hellip;]<\/p>\n","protected":false},"author":1,"featured_media":0,"parent":0,"menu_order":0,"comment_status":"closed","ping_status":"closed","template":"","meta":{"_et_pb_use_builder":"off","_et_pb_old_content":"","_et_gb_content_width":"","footnotes":""},"class_list":["post-237463","page","type-page","status-publish","hentry"],"_links":{"self":[{"href":"https:\/\/linkcee.com\/fr\/wp-json\/wp\/v2\/pages\/237463","targetHints":{"allow":["GET"]}}],"collection":[{"href":"https:\/\/linkcee.com\/fr\/wp-json\/wp\/v2\/pages"}],"about":[{"href":"https:\/\/linkcee.com\/fr\/wp-json\/wp\/v2\/types\/page"}],"author":[{"embeddable":true,"href":"https:\/\/linkcee.com\/fr\/wp-json\/wp\/v2\/users\/1"}],"replies":[{"embeddable":true,"href":"https:\/\/linkcee.com\/fr\/wp-json\/wp\/v2\/comments?post=237463"}],"version-history":[{"count":0,"href":"https:\/\/linkcee.com\/fr\/wp-json\/wp\/v2\/pages\/237463\/revisions"}],"wp:attachment":[{"href":"https:\/\/linkcee.com\/fr\/wp-json\/wp\/v2\/media?parent=237463"}],"curies":[{"name":"wp","href":"https:\/\/api.w.org\/{rel}","templated":true}]}}

Politique de sécurité

<p><strong>POLITIQUE DE SÉCURITÉ DE L&rsquo;INFORMATION</strong></p>

<p>LINKCEE GmbH, <em>Ses activités comprennent le commerce national de gros et de détail, l&rsquo;importation et l&rsquo;exportation, ainsi que l&rsquo;entreposage, le contrôle technique, le stockage, la location avec et sans chauffeur, la réparation, le lavage et le graissage de véhicules et de leurs accessoires, de machines agricoles et d&rsquo;autres véhicules terrestres, fluviaux, maritimes et aériens, ainsi que toutes les activités qui y sont directement ou indirectement liées. Elle dispose d&rsquo;une politique de sécurité de l&rsquo;information qui est précisée dans les points suivants :</em></p>

<ul class="wp-block-list">
<li><em>le respect des exigences légales et techniques applicables, ainsi que de toute autre exigence à laquelle</em> LINKCEE GmbH <em>souscrit en ce qui concerne les aspects de sécurité des informations qu&rsquo;elle génère dans le cadre de son activité professionnelle.</em></li>



<li><em>Orienter les activités et les décisions de l&rsquo;entreprise pour répondre aux besoins et aux attentes des clients.</em></li>



<li><em>Assurer la sécurité de l&rsquo;information de toutes les activités afin de garantir les services fournis aux clients.</em></li>



<li><em>Renforcer l&rsquo;autonomie et l&rsquo;initiative du personnel afin qu&rsquo;il contribue plus efficacement à la réalisation des objectifs de</em> LINKCEE GmbH<em>.</em></li>



<li><em>Maintenir un esprit d&rsquo;amélioration continue de l&rsquo;efficacité dans toutes les activités liées au système de gestion et à ses performances.</em></li>



<li><em>La direction et le personnel de</em> LINKCEE GmbH <em>partagent et comprennent ce système de gestion comme une méthode de travail pour chacune de leurs activités.</em></li>
</ul>

<p><em>Cette politique de sécurité de l&rsquo;information a été communiquée à l&rsquo;ensemble du personnel de l&rsquo;entreprise ainsi qu&rsquo;à l&rsquo;ensemble du personnel et des organisations travaillant pour le compte de</em> LINKCEE GmbH. <em>Elle est comprise, mise en œuvre et tenue à jour à tous les niveaux de l&rsquo;organisation, et son efficacité et sa conformité sont régulièrement contrôlées.</em></p>

<p><em>De même, cette politique de gestion est à la disposition de toute personne ou organisation souhaitant en prendre connaissance.</em></p>

<p><em>La direction établit et révise ses objectifs de sécurité de l&rsquo;information pour chacun des domaines, en prenant la politique définie comme cadre de référence, en établissant les responsabilités pour les atteindre, en fixant les critères d&rsquo;action et en allouant les ressources nécessaires, afin d&rsquo;atteindre les objectifs génériques de la politique de gestion intégrée.</em></p>

<p class="has-medium-font-size">À Madrid, le 06 mai 2022</p>

<p>POLITIQUE DE SÉCURITÉ DE L&rsquo;INFORMATION LINKCEE GmbH, Ses activités comprennent le commerce national de gros et de détail, l&rsquo;importation et l&rsquo;exportation, ainsi que l&rsquo;entreposage, le contrôle technique, le stockage, la location avec et sans chauffeur, la réparation, le lavage et le graissage de véhicules et de leurs accessoires, de machines agricoles et d&rsquo;autres véhicules terrestres, [&hellip;]</p>
